
{"id":71545,"date":"2025-06-17T16:11:42","date_gmt":"2025-06-17T19:11:42","guid":{"rendered":"https:\/\/bellanetfiber.com.br\/multiuso\/?page_id=71545"},"modified":"2025-06-22T18:17:20","modified_gmt":"2025-06-22T21:17:20","slug":"minha-conta","status":"publish","type":"page","link":"https:\/\/bellanetfiber.com.br\/multiuso\/minha-conta\/","title":{"rendered":"Minha conta"},"content":{"rendered":"\t\t<div data-elementor-type=\"wp-page\" data-elementor-id=\"71545\" class=\"elementor elementor-71545\">\n\t\t\t\t<div class=\"elementor-element elementor-element-375dfc1 stax-condition-yes stax-user_role_enabled-yes e-flex e-con-boxed e-con e-parent\" data-id=\"375dfc1\" data-element_type=\"container\">\n\t\t\t\t\t<div class=\"e-con-inner\">\n\t\t\t\t<div class=\"elementor-element elementor-element-b74b58c elementor-widget elementor-widget-wd_text_block\" data-id=\"b74b58c\" data-element_type=\"widget\" data-widget_type=\"wd_text_block.default\">\n\t\t\t\t<div class=\"elementor-widget-container\">\n\t\t\t\t\t\t\t<div class=\"wd-text-block reset-last-child text-left\">\n\t\t\t\n\t\t\t<h4 class=\"elementor-heading-title elementor-size-default\">AINDA N\u00c3O TEM UMA CONTA? CRIE A SUA AGORA MESMO. \u00c9 SUPER F\u00c1CIL.<\/h4>\n\t\t\t\t\t<\/div>\n\t\t\t\t\t\t<\/div>\n\t\t\t\t<\/div>\n\t\t\t\t\t<\/div>\n\t\t\t\t<\/div>\n\t\t<div class=\"elementor-element elementor-element-e677d8a e-grid e-con-boxed e-con e-parent\" data-id=\"e677d8a\" data-element_type=\"container\">\n\t\t\t\t\t<div class=\"e-con-inner\">\n\t\t\t\t<div class=\"elementor-element elementor-element-1d4242b elementor-widget elementor-widget-wd_text_block\" data-id=\"1d4242b\" data-element_type=\"widget\" data-widget_type=\"wd_text_block.default\">\n\t\t\t\t<div class=\"elementor-widget-container\">\n\t\t\t\t\t\t\t<div class=\"wd-text-block reset-last-child text-left\">\n\t\t\t\n\t\t\t<p><img decoding=\"async\" class=\"alignnone wp-image-935\" src=\"https:\/\/bellanetfiber.com.br\/multiuso\/wp-content\/uploads\/2025\/05\/inicio-1-300x300.jpeg.webp\" alt=\"\" width=\"180\" height=\"180\" srcset=\"https:\/\/bellanetfiber.com.br\/multiuso\/wp-content\/uploads\/2025\/05\/inicio-1-300x300.jpeg.webp 300w, https:\/\/bellanetfiber.com.br\/multiuso\/wp-content\/uploads\/2025\/05\/inicio-1-300x300.jpeg-150x150.webp 150w\" sizes=\"(max-width: 180px) 100vw, 180px\" \/><\/p>\n\t\t\t\t\t<\/div>\n\t\t\t\t\t\t<\/div>\n\t\t\t\t<\/div>\n\t\t\t\t<div class=\"elementor-element elementor-element-e744989 elementor-widget__width-initial stax-condition-yes stax-user_role_enabled-yes elementor-widget elementor-widget-shortcode\" data-id=\"e744989\" data-element_type=\"widget\" data-widget_type=\"shortcode.default\">\n\t\t\t\t<div class=\"elementor-widget-container\">\n\t\t\t\t\t\t\t<div class=\"elementor-shortcode\">    <style>\r\n    .tabs-container {\r\n        max-width: 600px;\r\n        margin: 40px auto;\r\n        font-family: 'Segoe UI', sans-serif;\r\n        background: #ffffff10;\r\n        backdrop-filter: blur(10px);\r\n        border-radius: 12px;\r\n        box-shadow: 0 0 20px rgba(0,0,0,0.2);\r\n        overflow: hidden;\r\n    }\r\n    .tabs-header {\r\n        display: flex;\r\n        justify-content: space-around;\r\n        background: #1e1e2f;\r\n    }\r\n    .tabs-header button {\r\n        flex: 1;\r\n        padding: 15px;\r\n        background: transparent;\r\n        color: #fff;\r\n        border: none;\r\n        font-size: 16px;\r\n        cursor: pointer;\r\n    }\r\n    .tabs-header button.active {\r\n        background: #0073aa;\r\n    }\r\n    .tabs-content {\r\n        padding: 30px;\r\n        background: #fff;\r\n    }\r\n    .tabs-content > div {\r\n        display: none;\r\n    }\r\n    .tabs-content > div.active {\r\n        display: block;\r\n    }\r\n    #togglePass {\r\n        position: absolute;\r\n        right: 10px;\r\n        top: 9px;\r\n        cursor: pointer;\r\n        font-size: 16px;\r\n    }\r\n    <\/style>\r\n\r\n    <div class=\"tabs-container\">\r\n        <div class=\"tabs-header\">\r\n            <button class=\"tab-btn active\" data-tab=\"login\">Login<\/button>\r\n            <button class=\"tab-btn\" data-tab=\"cadastro\">Cadastro<\/button>\r\n        <\/div>\r\n        <div class=\"tabs-content\">\r\n            <div class=\"tab-content active\" id=\"login\">\r\n                <form name=\"loginform\" id=\"loginform\" action=\"https:\/\/bellanetfiber.com.br\/multiuso\/wp-login.php\" method=\"post\">\r\n                    <p>\r\n                        <label for=\"user_login\">Usu\u00e1rio ou E-mail<br \/>\r\n                            <input type=\"text\" name=\"log\" id=\"user_login\" class=\"input\" size=\"20\" required \/>\r\n                        <\/label>\r\n                    <\/p>\r\n                    <p>\r\n                        <label for=\"user_pass\">Senha<br \/>\r\n                            <div style=\"position: relative;\">\r\n                                <input type=\"password\" name=\"pwd\" id=\"user_pass\" class=\"input\" size=\"20\" required style=\"padding-right: 40px;\" \/>\r\n                                <span id=\"togglePass\">\ud83d\udc41\ufe0f<\/span>\r\n                            <\/div>\r\n                        <\/label>\r\n                    <\/p>\r\n                    <p>\r\n                        <input name=\"rememberme\" type=\"checkbox\" id=\"rememberme\" value=\"forever\" \/>\r\n                        <label for=\"rememberme\">Lembrar-me<\/label>\r\n                    <\/p>\r\n                    <p>\r\n                        <input type=\"submit\" name=\"wp-submit\" id=\"wp-submit\" class=\"button button-primary\" value=\"Entrar\" \/>\r\n                        <input type=\"hidden\" name=\"redirect_to\" value=\"https:\/\/bellanetfiber.com.br\/multiuso\/minha-conta\/\" \/>\r\n                    <\/p>\r\n                <\/form>\r\n            <\/div>\r\n            <div class=\"tab-content\" id=\"cadastro\">\r\n                    <style>\r\n    .bellanet-cadastro-form {\r\n        max-width: 500px;\r\n        margin: 40px auto;\r\n        background: #ffffff10;\r\n        backdrop-filter: blur(10px);\r\n        padding: 30px;\r\n        border-radius: 12px;\r\n        color: #fff;\r\n        box-shadow: 0 0 20px rgba(0,0,0,0.2);\r\n        font-family: 'Segoe UI', sans-serif;\r\n    }\r\n    .bellanet-cadastro-form h2 {\r\n        text-align: center;\r\n        margin-bottom: 20px;\r\n        font-size: 1.5rem;\r\n        color: #fff;\r\n    }\r\n    .bellanet-cadastro-form input {\r\n        width: 100%;\r\n        padding: 12px;\r\n        margin-bottom: 15px;\r\n        border: 1px solid #ccc;\r\n        border-radius: 8px;\r\n        background: #f9f9f9;\r\n        color: #000;\r\n    }\r\n    .bellanet-cadastro-form button {\r\n        width: 100%;\r\n        padding: 12px;\r\n        background-color: #0073aa;\r\n        color: white;\r\n        border: none;\r\n        border-radius: 8px;\r\n        font-size: 1rem;\r\n        cursor: pointer;\r\n    }\r\n    .bellanet-cadastro-form button:hover {\r\n        background-color: #005177;\r\n    }\r\n    <\/style>\r\n\r\n    <div class=\"bellanet-cadastro-form\">\r\n        <h2>Cadastro de Cliente<\/h2>\r\n        <form method=\"post\">\r\n            <input type=\"hidden\" id=\"_wpnonce\" name=\"_wpnonce\" value=\"f3bba449e3\" \/><input type=\"hidden\" name=\"_wp_http_referer\" value=\"\/multiuso\/wp-json\/wp\/v2\/pages\/71545\" \/>            <input type=\"hidden\" name=\"bellanet_frontend_cadastro\" value=\"1\">\r\n            <input name=\"nome\" type=\"text\" placeholder=\"Nome de Usu\u00e1rio\" required>\r\n            <input name=\"email\" type=\"email\" placeholder=\"E-mail\" required>\r\n            <input name=\"telefone\" type=\"text\" placeholder=\"Telefone\">\r\n            <input name=\"cpf\" type=\"text\" placeholder=\"CPF\">\r\n            <input name=\"cidade\" type=\"text\" placeholder=\"Cidade\">\r\n            <button type=\"submit\">Cadastrar<\/button>\r\n        <\/form>\r\n    <\/div>\r\n                <\/div>\r\n        <\/div>\r\n    <\/div>\r\n\r\n    <script>\r\n    \/\/ Alternar abas\r\n    document.querySelectorAll(\".tab-btn\").forEach(btn => {\r\n        btn.addEventListener(\"click\", () => {\r\n            document.querySelectorAll(\".tab-btn\").forEach(b => b.classList.remove(\"active\"));\r\n            document.querySelectorAll(\".tab-content\").forEach(c => c.classList.remove(\"active\"));\r\n            btn.classList.add(\"active\");\r\n            document.getElementById(btn.dataset.tab).classList.add(\"active\");\r\n        });\r\n    });\r\n\r\n    \/\/ Mostrar\/ocultar senha\r\n    const togglePass = document.getElementById('togglePass');\r\n    if (togglePass) {\r\n        togglePass.addEventListener('click', () => {\r\n            const passInput = document.getElementById('user_pass');\r\n            const isPassword = passInput.getAttribute('type') === 'password';\r\n            passInput.setAttribute('type', isPassword ? 'text' : 'password');\r\n            togglePass.textContent = isPassword ? '\ud83d\ude48' : '\ud83d\udc41\ufe0f';\r\n        });\r\n    }\r\n    <\/script>\r\n    <\/div>\n\t\t\t\t\t\t<\/div>\n\t\t\t\t<\/div>\n\t\t\t\t\t<\/div>\n\t\t\t\t<\/div>\n\t\t<div class=\"elementor-element elementor-element-a6dbd92 e-flex e-con-boxed e-con e-parent\" data-id=\"a6dbd92\" data-element_type=\"container\">\n\t\t\t\t\t<div class=\"e-con-inner\">\n\t\t\t\t<div class=\"elementor-element elementor-element-3279736 elementor-widget elementor-widget-wd_text_block\" data-id=\"3279736\" data-element_type=\"widget\" data-widget_type=\"wd_text_block.default\">\n\t\t\t\t<div class=\"elementor-widget-container\">\n\t\t\t\t\t\t\t<div class=\"wd-text-block reset-last-child text-left\">\n\t\t\t\n\t\t\t<p><em><strong>Sempre criando uma nova experi\u00eancia para nosso clientes e fornecedor\u00a0<\/strong><\/em><\/p><p>\u00a0<\/p>\n\t\t\t\t\t<\/div>\n\t\t\t\t\t\t<\/div>\n\t\t\t\t<\/div>\n\t\t\t\t\t<\/div>\n\t\t\t\t<\/div>\n\t\t\t\t<\/div>\n\t\t","protected":false},"excerpt":{"rendered":"<p>AINDA N\u00c3O TEM UMA CONTA? CRIE A SUA AGORA MESMO. \u00c9 SUPER F\u00c1CIL. Minha Conta &times; Painel Minha Conta Pedidos<\/p>\n","protected":false},"author":1,"featured_media":0,"parent":0,"menu_order":0,"comment_status":"closed","ping_status":"closed","template":"","meta":{"footnotes":""},"class_list":["post-71545","page","type-page","status-publish","hentry"],"_links":{"self":[{"href":"https:\/\/bellanetfiber.com.br\/multiuso\/wp-json\/wp\/v2\/pages\/71545","targetHints":{"allow":["GET"]}}],"collection":[{"href":"https:\/\/bellanetfiber.com.br\/multiuso\/wp-json\/wp\/v2\/pages"}],"about":[{"href":"https:\/\/bellanetfiber.com.br\/multiuso\/wp-json\/wp\/v2\/types\/page"}],"author":[{"embeddable":true,"href":"https:\/\/bellanetfiber.com.br\/multiuso\/wp-json\/wp\/v2\/users\/1"}],"replies":[{"embeddable":true,"href":"https:\/\/bellanetfiber.com.br\/multiuso\/wp-json\/wp\/v2\/comments?post=71545"}],"version-history":[{"count":147,"href":"https:\/\/bellanetfiber.com.br\/multiuso\/wp-json\/wp\/v2\/pages\/71545\/revisions"}],"predecessor-version":[{"id":71821,"href":"https:\/\/bellanetfiber.com.br\/multiuso\/wp-json\/wp\/v2\/pages\/71545\/revisions\/71821"}],"wp:attachment":[{"href":"https:\/\/bellanetfiber.com.br\/multiuso\/wp-json\/wp\/v2\/media?parent=71545"}],"curies":[{"name":"wp","href":"https:\/\/api.w.org\/{rel}","templated":true}]}}